w and m?
3
Let o(t) = t - 1. Let h be o(10). Let v be 39/h - 2/6. Suppose -2*l + 2*g = -22, -g = 3*l - v - 25. What is the highest common divisor of 70 and l?
10
Let y = -18 + 49. Suppose -5*l = -5*z + y + 4, -3*z = -l - 19. What is the highest common divisor of 15 and z?
3
Let i = 5 - 2. Suppose -i*k + 39 = -6*k. Let a = k - -21. Calculate the highest common factor of 32 and a.
8
Suppose m - 2*m + 49 = 0. Suppose 7*y - 6*y = 7. Calculate the greatest common divisor of y and m.
7
Let s be ((-24)/32)/(1/(-4)). Suppose 8 = -4*i, a = -s*a - 5*i + 290. What is the greatest common divisor of 30 and a?
15
Let d(q) = -q + 8. Let b be d(2). Calculate the greatest common divisor of 48 and b.
6
Suppose 0 = -2*z + 3*z - 4*h + 9, 5*h = -z + 18. Suppose 126 - 18 = z*w. What is the greatest common divisor of w and 24?
12
Let f(g) = -g**3 + 6*g**2 + 10*g. Let k(n) = -2*n - 4. Let j be k(-8). Let h = -5 + j. Let w be f(h). Calculate the highest common divisor of w and 3.
3
Suppose 0*i + 2*h = 3*i - 491, i - 3*h - 173 = 0. Suppose -42 = -2*g + y, 0*g - 2*y = 4*g - 100. Calculate the greatest common divisor of g and i.
23
Suppose -10 = -w - w. Suppose -4*z + c + 60 = 0, -4*z - 22 + 66 = -w*c. Let b be (-3)/(-5) - 1911/(-15). Calculate the greatest common divisor of b and z.
16
Suppose -6 = 2*h - 5*h. Suppose 0 = 4*z - 16 - 56. Calculate the highest common factor of z and h.
2
Let d(m) = -16*m - 44. Let r be d(-4). What is the highest common factor of r and 5?
5
Let u(a) = 6*a - 2. Let v be u(5). Calculate the greatest common divisor of v and 56.
28
Suppose 0 = -n + 5*n - 12. Let z = 61 - 52. Calculate the highest common divisor of n and z.
3
Let j = 100 - 64. Calculate the highest common divisor of j and 96.
12
Let z be ((-1)/(-2))/((-1)/4). Let s be -1*9*8/(-48)*-2. Let f be (z - -6)*s/(-2). What is the highest common divisor of f and 6?
6
Let n(q) = -q**3 - 2*q**2 + 85. Let m be n(0). What is the greatest common divisor of m and 34?
17
Let o(r) = r**2 - 6*r - 1. Let k be o(7). Suppose 3*b + 6 = 18. What is the greatest common divisor of b and k?
2
Let v = 27 - -54. Let h = -47 - -56. Calculate the greatest common divisor of v and h.
9
Suppose -4*n + 2 = -3*n. Let r be (13 - (0 - 3)) + n. What is the highest common factor of r and 72?
18
Let m = -58 + 85. Calculate the highest common divisor of 3 and m.
3
Let f be -1 + (-30)/(3 - 6). Suppose -3*r = 2*p + 2 - 17, 0 = -2*p - 2*r + 14. What is the highest common divisor of p and f?
3
Let m(o) = o**3 - 9*o**2 + 10*o - 20. Let w be m(9). Calculate the greatest common divisor of w and 10.
10
Let v be 10/30 + 1750/6. Suppose 3*h + 3*s - 204 = 0, -4*h + 4*s + v = 3*s. Calculate the highest common factor of 9 and h.
9
Let s(m) be the first derivative of 3*m - 1 + 3/2*m**2. Let t be s(5). Calculate the highest common factor of 198 and t.
18
Let a be 68/(-6) - 4/6. Let o be 30/a*(-9 + 1). Calculate the highest common factor of o and 8.
4
Suppose 0 = h + 3*h. Suppose h = 5*o - 10, 6*o - o = -5*q + 90. What is the greatest common factor of q and 48?
16
Suppose 22*t - 33*t = -55. Calculate the greatest common divisor of 15 and t.
5
Let a be 10/(4/(-5) + 1). Suppose 4*v - 19 = -b + 16, -4*v + b = -45. Calculate the highest common factor of v and a.
10
Let i be (-135)/((0 - 2) + -2 + 3). What is the highest common factor of 15 and i?
15
Suppose -5*b + 44 + 31 = 0. Suppose -3*r + 5*o = -0*o - 390, 2*r - 3*o = 261. What is the highest common divisor of r and b?
15
Let s = -11 + 20. What is the greatest common divisor of s and 45?
9
Suppose -3*u - u = -72. Suppose 0 = -2*b + 4*l + 70, 4*l - l = 5*b - 203. Let r = b + -7. What is the greatest common divisor of r and u?
18
Suppose -10 = -5*d + 2*c, -4*d - 5*c - 1 = -9. What is the highest common factor of 5 and d?
1
Suppose q - 8 = -3*q. Suppose q*y = -5*s + 40 + 72, -5*s + 136 = -4*y. Suppose 0*x = x - 12. Calculate the greatest common factor of x and s.
12
Let g be 0 + 1/((-1)/(-3)). Suppose 0 = -4*j - 4*p + 7 + 1, 2 = -2*p. Suppose 0 = j*u - 3, -3*m + 51 = g*u + 3. Calculate the highest common divisor of 5 and m.
5
Let j(u) = -u**3 + 5*u**2 - 3*u + 2. Let r be j(4). Let p(f) = 4 + 3*f - 13*f + f**2 + 4*f. Let y be p(r). Calculate the greatest common divisor of y and 2.
2
Let j(f) = 2*f**2 - 15*f - 6. Let v be j(12). Calculate the greatest common divisor of 34 and v.
34
Suppose 0 = -6*h + 23 + 199. What is the greatest common factor of 74 and h?
37
Let s be (12/(-9))/((-1)/(-6)). Let o be (-288)/(-30) - (-6)/(-10). Let t = s + o. Calculate the highest common factor of t and 1.
1
Suppose 1 - 7 = -v. Let d be 11/3 - (-2)/v. Let k(q) = q + 2. Let l be k(d). What is the highest common factor of l and 48?
6
Let p = -16 + 49. Let i = p - -7. Calculate the greatest common divisor of i and 20.
20
Suppose 0 = -3*y + 19 + 47. Let u(s) = -s**3 - 7*s**2 + 8*s + 2. Let l be u(-8). Calculate the highest common divisor of l and y.
2
Let y(b) = 8*b - 2. Let v be y(2). Suppose 0 = -20*i + 16*i + 56. Calculate the greatest common factor of v and i.
14
Suppose 5*z - 12 = z. Let v(a) = z*a - 2 - 5*a - 3*a. Let k be v(-2). What is the greatest common factor of k and 72?
8
Suppose 0 = 3*k + 3 - 33. Let b = 14 - k. Suppose -m - b*n = -3*m, 3*m = 4*n + 4. Calculate the highest common factor of 1 and m.
1
Suppose 0 = y - 3*y - 126. Suppose -r - 2*r = -w + 18, -14 = -w + 2*r. Let t be w/39 - y/13. Calculate the greatest common divisor of t and 20.
5
Suppose 14*s - 11*s = 3. Calculate the highest common divisor of 2 and s.
1
Suppose 0 = -2*h - 3*h + 3*p + 99, 0 = -2*p - 6. Calculate the greatest common divisor of 9 and h.
9
Let b be (-5 + 2 - -10)*1. Suppose -47 = -4*l - b. What is the highest common factor of 110 and l?
10
Let b = 31 - 11. Let d be 72/b*(-220)/(-6). Suppose 3*a + 0*z - 34 = 2*z, -a + 3*z = -9. Calculate the greatest common divisor of a and d.
12
Let y be (-13)/(-1) + 3 + -2. Calculate the highest common divisor of y and 112.
14
Let a be 0/(-2) - (-20)/5. What is the highest common divisor of 40 and a?
4
Let y = 179 + -74. What is the greatest common factor of y and 15?
15
Suppose 3*z + 2*h = -2, -2*z - 16 = 5*h - 0*h. Let w = 85 + -64. Suppose -d = z*d - w. Calculate the greatest common factor of 7 and d.
7
Let c be (36 - 0) + 0/(-3). Suppose 5*k - 66 + 51 = 0. Suppose 0 = 4*w - 2*v - c, 20 = -2*w + k*w + 5*v. What is the highest common factor of w and 15?
5
Suppose -m + 69 + 11 = 0. Calculate the greatest common factor of 10 and m.
10
Let p = -16 - -33. Calculate the highest common divisor of p and 153.
17
Let s(j) = 14*j**2. Let m be s(-1). What is the greatest common divisor of m and 126?
14
Let x be (0 - -1) + (1 - -1). Let s = x - 5. Let l be (2/(-4) - 0)*s. What is the highest common divisor of l and 2?
1
Let i be (-58)/(-1) + (-4 - -2 - -4). Calculate the highest common divisor of i and 4.
4
Let g = -386 + 613. Suppose -2*k = k - p - 173, -4*k + g = -5*p. Let m = k + -34. Calculate the highest common factor of 3 and m.
3
Let a(s) = -s**2 + 9*s - 7. Let f be a(3). What is the greatest common divisor of f and 99?
11
Suppose 2*d + 5*t = 9, 0 = 2*d + 6*t - 4*t - 18. Calculate the highest common factor of 9 and d.
3
Let m = -20 - -13. Let u = 5 - m. What is the greatest common factor of u and 60?
12
Let m = 143 + -78. Suppose -4*t + 60 = 4*y + 8, -5*t + m = -2*y. Calculate the greatest common factor of 104 and t.
13
Let s be (33/(-22))/((-2)/8). Suppose 2*y - 3 - 5 = 0. What is the greatest common factor of y and s?
2
Suppose 1 = -t, 3*t = -d + 5*d - 183. Suppose -y + 35 = -d. What is the greatest common divisor of 10 and y?
10
Suppose 15 = -5*f, -10 = 5*s - 3*f - 4. Let z be (-92)/(-3) - 1/s. What is the greatest common factor of 248 and z?
31
Suppose 0*t = -2*t + 12. Suppose 7*n = t*n + 26. What is the highest common divisor of 26 and n?
26
Suppose 3*g + g = 192. Suppose -4*f + g + 16 = 0. Calculate the greatest common factor of 64 and f.
16
Let r(g) = g**3 - 13*g**2 + 18*g - 8. Let j be r(12). Calculate the greatest common divisor of j and 96.
32
Let g(w) = -w**3 - 3*w**2 + 2*w + 1. Let z = -6 + 2. Let b be g(z). Calculate the greatest common factor of 72 and b.
9
Let w be (-35)/(-10)*(-24)/(-14). Suppose -s - 2*t + w = 2, 3*s - 4*t - 22 = 0. Calculate the highest common factor